{"id":1037,"date":"2018-08-30T18:38:04","date_gmt":"2018-08-30T21:38:04","guid":{"rendered":"https:\/\/isfdcytcabreralaishi-for.infd.edu.ar\/sitio\/autoridades\/"},"modified":"2025-11-11T10:49:48","modified_gmt":"2025-11-11T13:49:48","slug":"autoridades","status":"publish","type":"page","link":"https:\/\/isfdcytcabreralaishi-for.infd.edu.ar\/sitio\/autoridades\/","title":{"rendered":"Autoridades"},"content":{"rendered":"<p><span style=\"font-family: arial,helvetica,sans-serif; color: #cc6600; font-size: 12pt;\"><strong>AUTORIDADES DEL ISFDyT\u00a0 \u00a0 \u00a0 \u00a0 \u00a0 \u00a0 \u00a0 \u00a0 \u00a0 \u00a0 \u00abLaish\u00ed\u00bb<\/strong><\/span><\/p>\n<ul>\n<li><span style=\"font-family: Arial; color: #000000; font-size: 10pt;\">Director de Educaci\u00f3n Superior: Prof. Elvio Rub\u00e9n L\u00f3pez<\/span><\/li>\n<li><span style=\"font-family: Arial; font-size: 10pt;\">Secretaria a cargo de la regencia: Prof. Nancy Isabel Yahari<\/span><\/li>\n<li><span style=\"font-family: Arial; font-size: 10pt;\">Preceptora Laura Carolina Barrios<\/span><\/li>\n<li><span style=\"font-family: Arial; font-size: 10pt;\">Bibliotecaria Analia Magdalena Villalba<\/span><\/li>\n<\/ul>\n","protected":false},"excerpt":{"rendered":"<p>AUTORIDADES DEL ISFDyT\u00a0 \u00a0 \u00a0 \u00a0 \u00a0 \u00a0 \u00a0 \u00a0 \u00a0 \u00a0 \u00abLaish\u00ed\u00bb Director de Educaci\u00f3n Superior: Prof. Elvio Rub\u00e9n L\u00f3pez Secretaria a cargo de la regencia: Prof. Nancy Isabel Yahari Preceptora Laura Carolina Barrios Bibliotecaria Analia Magdalena Villalba<\/p>\n","protected":false},"author":7,"featured_media":0,"parent":0,"menu_order":0,"comment_status":"closed","ping_status":"closed","template":"","meta":[],"acf":[],"_links":{"self":[{"href":"https:\/\/isfdcytcabreralaishi-for.infd.edu.ar\/sitio\/wp-json\/wp\/v2\/pages\/1037"}],"collection":[{"href":"https:\/\/isfdcytcabreralaishi-for.infd.edu.ar\/sitio\/wp-json\/wp\/v2\/pages"}],"about":[{"href":"https:\/\/isfdcytcabreralaishi-for.infd.edu.ar\/sitio\/wp-json\/wp\/v2\/types\/page"}],"author":[{"embeddable":true,"href":"https:\/\/isfdcytcabreralaishi-for.infd.edu.ar\/sitio\/wp-json\/wp\/v2\/users\/7"}],"replies":[{"embeddable":true,"href":"https:\/\/isfdcytcabreralaishi-for.infd.edu.ar\/sitio\/wp-json\/wp\/v2\/comments?post=1037"}],"version-history":[{"count":1,"href":"https:\/\/isfdcytcabreralaishi-for.infd.edu.ar\/sitio\/wp-json\/wp\/v2\/pages\/1037\/revisions"}],"predecessor-version":[{"id":1276,"href":"https:\/\/isfdcytcabreralaishi-for.infd.edu.ar\/sitio\/wp-json\/wp\/v2\/pages\/1037\/revisions\/1276"}],"wp:attachment":[{"href":"https:\/\/isfdcytcabreralaishi-for.infd.edu.ar\/sitio\/wp-json\/wp\/v2\/media?parent=1037"}],"curies":[{"name":"wp","href":"https:\/\/api.w.org\/{rel}","templated":true}]}}