{"id":1093,"date":"2018-09-19T01:06:35","date_gmt":"2018-09-19T04:06:35","guid":{"rendered":"https:\/\/isfdcytcabreralaishi-for.infd.edu.ar\/sitio\/?page_id=1093"},"modified":"2025-11-11T10:23:00","modified_gmt":"2025-11-11T13:23:00","slug":"tecnicatura-en-d-local-y-e-social","status":"publish","type":"page","link":"https:\/\/isfdcytcabreralaishi-for.infd.edu.ar\/sitio\/tecnicatura-en-d-local-y-e-social\/","title":{"rendered":"Tecnicatura Sup. en Producci\u00f3n e Industrializaci\u00f3n Frutih\u00f3rticola"},"content":{"rendered":"","protected":false},"excerpt":{"rendered":"","protected":false},"author":1023,"featured_media":0,"parent":0,"menu_order":0,"comment_status":"closed","ping_status":"closed","template":"","meta":[],"acf":[],"_links":{"self":[{"href":"https:\/\/isfdcytcabreralaishi-for.infd.edu.ar\/sitio\/wp-json\/wp\/v2\/pages\/1093"}],"collection":[{"href":"https:\/\/isfdcytcabreralaishi-for.infd.edu.ar\/sitio\/wp-json\/wp\/v2\/pages"}],"about":[{"href":"https:\/\/isfdcytcabreralaishi-for.infd.edu.ar\/sitio\/wp-json\/wp\/v2\/types\/page"}],"author":[{"embeddable":true,"href":"https:\/\/isfdcytcabreralaishi-for.infd.edu.ar\/sitio\/wp-json\/wp\/v2\/users\/1023"}],"replies":[{"embeddable":true,"href":"https:\/\/isfdcytcabreralaishi-for.infd.edu.ar\/sitio\/wp-json\/wp\/v2\/comments?post=1093"}],"version-history":[{"count":2,"href":"https:\/\/isfdcytcabreralaishi-for.infd.edu.ar\/sitio\/wp-json\/wp\/v2\/pages\/1093\/revisions"}],"predecessor-version":[{"id":1272,"href":"https:\/\/isfdcytcabreralaishi-for.infd.edu.ar\/sitio\/wp-json\/wp\/v2\/pages\/1093\/revisions\/1272"}],"wp:attachment":[{"href":"https:\/\/isfdcytcabreralaishi-for.infd.edu.ar\/sitio\/wp-json\/wp\/v2\/media?parent=1093"}],"curies":[{"name":"wp","href":"https:\/\/api.w.org\/{rel}","templated":true}]}}